0231782?
2
What is the millions digit of 509647764?
9
What is the hundred millions digit of 1130448147?
1
What is the hundreds digit of 17623921?
9
What is the hundreds digit of 1064074?
0
What is the ten millions digit of 1327503953?
2
What is the units digit of 2168888107?
7
What is the hundreds digit of 348559626?
6
What is the tens digit of 165554880?
8
What is the ten thousands digit of 1703973191?
7
What is the millions digit of 51091023?
1
What is the millions digit of 93393690?
3
What is the hundred thousands digit of 847451927?
4
What is the ten millions digit of 747895553?
4
What is the ten millions digit of 38294790?
3
What is the thousands digit of 8601456?
1
What is the thousands digit of 789562655?
2
What is the hundreds digit of 1367396205?
2
What is the hundred millions digit of 145046404?
1
What is the units digit of 154171603?
3
What is the thousands digit of 562782372?
2
What is the billions digit of 2142388850?
2
What is the tens digit of 374166451?
5
What is the units digit of 149846397?
7
What is the hundred millions digit of 444032865?
4
What is the tens digit of 4413201344?
4
What is the ten thousands digit of 4099684816?
8
What is the ten thousands digit of 77770110?
7
What is the ten thousands digit of 23129252?
2
What is the ten thousands digit of 1742225265?
2
What is the ten thousands digit of 36065570?
6
What is the units digit of 42443447?
7
What is the tens digit of 59944833?
3
What is the hundreds digit of 1542304940?
9
What is the hundred thousands digit of 512453093?
4
What is the hundred millions digit of 638774948?
6
What is the units digit of 362285150?
0
What is the ten thousands digit of 15179463?
7
What is the thousands digit of 5180725918?
5
What is the thousands digit of 372464206?
4
What is the hundred millions digit of 255596967?
2
What is the ten millions digit of 1828538832?
2
What is the billions digit of 6033676877?
6
What is the ten millions digit of 222669507?
2
What is the thousands digit of 241464733?
4
What is the millions digit of 1101997760?
1
What is the thousands digit of 8430552?
0
What is the hundred millions digit of 109405446?
1
What is the thousands digit of 4224672147?
2
What is the ten thousands digit of 144799493?
9
What is the hundreds digit of 15041697?
6
What is the tens digit of 18278718?
1
What is the hundred thousands digit of 103071883?
0
What is the thousands digit of 670508595?
8
What is the tens digit of 409168795?
9
What is the ten thousands digit of 952049207?
4
What is the units digit of 44721160?
0
What is the tens digit of 34908202?
0
What is the ten thousands digit of 1679094?
7
What is the ten millions digit of 36611568?
3
What is the ten millions digit of 523991240?
2
What is the ten thousands digit of 5219087106?
8
What is the thousands digit of 5098764146?
4
What is the thousands digit of 234219810?
9
What is the units digit of 80534483?
3
What is the hundreds digit of 405087584?
5
What is the ten thousands digit of 2623296817?
9
What is the hundred thousands digit of 108477209?
4
What is the thousands digit of 880706891?
6
What is the ten thousands digit of 123219803?
1
What is the hundreds digit of 178416356?
3
What is the tens digit of 22671647?
4
What is the ten thousands digit of 422907932?
0
What is the tens digit of 2197362651?
5
What is the ten millions digit of 1443104135?
4
What is the thousands digit of 177454631?
4
What is the hundred thousands digit of 87521115?
5
What is the units digit of 97721602?
2
What is the hundreds digit of 1319575141?
1
What is the millions digit of 6811563?
6
What is the thousands digit of 62736580?
6
What is the ten thousands digit of 5337475?
3
What is the thousands digit of 108007673?
7
What is the hundred millions digit of 772131816?
7
What is the millions digit of 6364077?
6
What is the ten millions digit of 3744335336?
4
What is the thousands digit of 3303852246?
2
What is the units digit of 17091433?
3
What is the thousands digit of 320933852?
3
What is the hundreds digit of 5856767899?
8
What is the thousands digit of 108228296?
8
What is the ten thousands digit of 363528438?
2
What is the millions digit of 716038304?
6
What is the tens digit of 7044546?
4
What is the thousands digit of 20827636?
7
What is the hundreds digit of 153040233?
2
What is the units digit of 86877039?
9
What is the hundred millions digit of 3490010230?
4
What is the hundreds digit of 218829863?
8
What is the millions digit of 627402223?
7
What is the hundreds digit of 72994084?
0
What is the units digit of 126715440?
0
What is the hundred thousands digit of 654347919?
3
What is the ten millions digit of 1202626287?
0
What is the thousands digit of 771098?
1
What is the thousands digit of 139493081?
3
What is the ten millions digit of 6156154655?
5
What is the units digit of 45360363?
3
What is the billions digit of 2067365797?
2
What is the ten millions digit of 3303146941?
0
What is the hundreds digit of 451220?
2
What is the thousands digit of 66513380?
3
What is the tens digit of 1873048614?
1
What is the units digit of 46530658?
8
What is the ten thousands digit of 7254888468?
8
What is the ten millions digit of 712407635?
1
What is the tens digit of 178652984?
8
What is the ten millions digit of 1959741356?
5
What is the ten millions digit of 217741563?
1
What is the hundreds digit of 391917495?
4
What is the hundred thousands digit of 33914635?
9
What is the tens digit of 497107501?
0
What is the tens digit of 1751179826?
2
What is the millions digit of 2425296593?
5
What is the units digit of 1457927572?
2
What is the hundred millions digit of 1263108235?
2
What is the units digit of 3776491?
1
What is the thousands digit of 122175467?
5
What is the millions digit of 34304825?
4
What is the units digit of 6344130467?
7
What is the tens digit of 2805710964?
6
What is the hundred millions digit of 769350995?
7
What is the hundreds digit of 1012593918?
9
What is the hundreds digit of 51188002?
0
What is the thousands digit of 17939456?
9
What is the tens digit of 135357077?
7
What is the millions digit of 145973103?
5
What is the hundred millions digit of 3488908853?
4
What is the tens digit of 52974138?
3
What is the units digit of 38614240?
0
What is the ten millions digit of 35510309?
3
What is the thousands digit of 431964104?
4
What is the millions digit of 739276712?
9
What is the hundred thousands digit of 53115539?
1
What is the millions digit of 19442981?
9
What is the billions digit of 2401032054?
2
What is the thousands digit of 2219167640?
7
What is the tens digit of 54403843?
4
What is the millions digit of 2000273514?
0
What is the tens digit of 184561936?
3
What is the hundred millions digit of 356534903?
3
What is the hundred thousands digit of 6981476544?
4
What is the ten thousands digit of 1050137176?
3
What is the thousands digit of 862965475?
5
What is the hundred thousands digit of 1034331710?
3
What is the billions digit of 6963821314?
6
What is the ten thousands digit of 929170127?
7
What is the ten millions digit of 354441767?
5
What is the ten thousands digit of 59135921?
3
What is the thousands digit of 934870382?
0
What is the thousands digit of 22942713?
2
What is the tens digit of 395045194?
9
What is the tens digit of 63739700?
0
What is the ten millions digit of 50925846?
5
What is the millions digit of 1638524890?
8
What is the hundred millions digit of 256847801?
2
What is the thousands digit of 1068447962?
7
What is the tens digit of 24991038?
3
What is the hundreds digit of 70791844?
8
What is the ten millions digit of 140393924?
4
What is the tens digit of 206794051?
5
What is the millions digit of 67646042?
7
What is the hundreds digit of 1327070015?
0
What is the thousands digit of 2454306?
4
What is the hundreds digit of 144157494?
4
What is the hundred thousands digit of 188313166?
3
What is the units digit of 1051302856?
6
What is the hundred thousands digit of 307150330?
1
What is the millions digit of 1062293351?
2
What is the thousands digit of 98120173?
0
What is the hundred thousands digit of 170509162?
5
What is the thousands digit of 23790079?
0
What is the hundred millions digit of 218308114?
2
What is the millions digit of 351996318?
1
What is the hundreds digit of 247228465?
4